). What is the greatest common factor of q and i?
2
Let m(u) = u**3 + 39*u**2 - 39*u + 109. Let z be m(-40). Suppose 12*s = 8*s + 2484. What is the greatest common factor of z and s?
69
Let k be 0 + -1 + 137 - (-1 + 5). Suppose k = 4*v - h, 2*v - 5*h - 66 = -9*h. What is the highest common divisor of 275 and v?
11
Let m be 8/6*(-45)/12 - -107. Suppose 12 = 4*a, 5*w - 8*a = -6*a + 844. What is the highest common factor of m and w?
34
Suppose -5*b = -k - 86 - 35, -145 = -5*b - 5*k. Calculate the highest common divisor of b and 55.
5
Let n = -1549 + 1552. What is the greatest common divisor of 5637 and n?
3
Let z(m) = 36*m + 6. Let k be z(5). Let l be 1524/889*14/4. What is the greatest common divisor of k and l?
6
Let x be 0/(2 - 3) - (-9 + -505). Suppose -88 = 6*t - x. Suppose 0 = -15*r + t + 589. Calculate the highest common factor of r and 66.
22
Let r(a) = a**3 + 18*a**2 + 17*a - 15. Let p be r(-17). Let s = 71 + p. Calculate the highest common factor of 24 and s.
8
Let r be 66*12/48*10. Calculate the greatest common factor of 275 and r.
55
Let x = 15573 - 15369. What is the highest common divisor of x and 8058?
102
Let o be 10/(-1) - 14/(-7). Let n be (32/o)/((-6)/216). Suppose u + 47 + 5 = 3*i, 3*i - 58 = -2*u. Calculate the greatest common factor of i and n.
18
Suppose -10*u - 230 = -11*u. Let m = 240 - u. What is the greatest common divisor of m and 15?
5
Let a(v) = 3*v**3 - 15*v**2 + 18*v - 21. Let x be a(5). Calculate the highest common divisor of x and 1357.
23
Suppose 28 - 30 = -2*r. Let s be (-2 - 0)/(r*(-2)/812). What is the greatest common factor of 58 and s?
58
Suppose -t + 584*i + 57 = 583*i, -2*i - 165 = -3*t. What is the highest common divisor of t and 187?
17
Let s = 24897 + -7197. Calculate the greatest common factor of s and 12.
12
Suppose -58 + 16 = -7*n. Suppose n*v + 72 = 18*v. What is the greatest common divisor of v and 8?
2
Suppose -15 = 4*t + t. Let h(c) = -6*c - 3. Let s be h(t). Let d = 312 + -207. What is the highest common factor of s and d?
15
Let z(w) = -16*w + 716. Let t be z(2). Calculate the greatest common factor of 5985 and t.
171
Let k be -40*((-1144)/22 + (2 - -1)). Calculate the highest common divisor of k and 80.
40
Suppose 0 = 18*l - 198 + 54. Let d be (-25)/(-20) - (-1342)/l. What is the greatest common factor of d and 52?
13
Suppose -4*o - 5*y = -3*y + 106, -2*o - 68 = -2*y. Let t = o - -35. Suppose -120 = -t*x - 12. Calculate the highest common factor of x and 45.
9
Let s be (-39)/(-156) - (-9115)/4. Calculate the greatest common divisor of s and 86.
43
Let q = -80 - -84. Let k(u) = u - 9. Let h be k(5). Let g be (-301)/h + (-1)/q. Calculate the greatest common divisor of 30 and g.
15
Let t be 879/2 + 275/(-110). Suppose 5*b - t = -172. Calculate the greatest common factor of 159 and b.
53
Let f = -113 + 113. Suppose 22*g - 527 - 881 = f. Suppose 4*i + 4 = p + 8*i, -3*p = 4*i - 20. Calculate the greatest common factor of p and g.
8
Let j be (384/320)/(18/240). Suppose 352 = 2*b - 0*b. What is the highest common factor of b and j?
16
Let r = 45 + -12. Suppose 280 = -160*a + 170*a. Let l(z) = -11*z + 314. Let p be l(a). Calculate the highest common divisor of p and r.
3
Let j be 5 - (-1)/(-2)*0. Suppose 4*o - y - 359 = -70, -5*o - j*y = -355. What is the greatest common divisor of 18 and o?
18
Suppose -72*w = -19*w - 1378. What is the highest common factor of w and 1222?
26
Suppose 7*z - 109 - 157 = 0. Suppose 0*y = -t - 2*y - z, -t - 3*y - 38 = 0. Let n be t*((-108)/8)/9. What is the greatest common divisor of 19 and n?
19
Let q be (-8)/14 + (-292929)/(-1813). What is the highest common divisor of q and 391?
23
Let x = 888 - 656. Let h = x - 36. Calculate the greatest common divisor of h and 14.
14
Let w = -123 - -238. Let h be 2/(-32) + (-160034)/(-15904). Calculate the highest common factor of w and h.
5
Let i = -47204 + 47812. Let n be 36 - 1 - (0 - -3). What is the highest common divisor of n and i?
32
Let g(l) = -3*l**2 + 9*l - 36. Let o be g(-14). Let s be ((-54)/15 + 4)/((-5)/o). What is the greatest common divisor of 12 and s?
12
Suppose 209*h - 1665 = -882 + 2979. Calculate the highest common divisor of 7389 and h.
9
Let d = -5573 + 6853. What is the highest common divisor of 112 and d?
16
Let d = 810 + -786. Suppose 0 = 6*c + 262 - 454. What is the highest common factor of c and d?
8
Let t = -8909 - -9997. What is the greatest common factor of t and 408?
136
Suppose 52633*s - 52667*s + 936 - 324 = 0. Calculate the greatest common factor of s and 99126.
18
Suppose -2*b - 5*g - 365 + 406 = 0, 3*b + 4*g = 51. What is the greatest common factor of 1651 and b?
13
Let w(k) = -100*k + 20. Let o be w(-5). Calculate the highest common factor of o and 104.
104
Suppose 43*y - 51*y = 336. Let m be -7*2/y + (-1478)/(-3). What is the highest common divisor of m and 17?
17
Suppose -3*l - 2525 + 2813 = 0. What is the greatest common divisor of l and 7152?
48
Suppose q - 60 = -a, 10*a + 2*q = 12*a - 84. What is the greatest common factor of 39 and a?
3
Let a = 40418 - 23383. Calculate the greatest common factor of a and 5.
5
Let l = 325 - 181. Suppose -4*s + 3*s - 22 = -3*n, -4*s + 56 = 4*n. What is the greatest common factor of n and l?
9
Let l be (-3)/(((-6)/(-8))/(-3)). Let p be 99*(-2 + 32/l). Let h(t) = t**2 + 9*t - 1071. Let f be h(30). What is the highest common factor of f and p?
33
Let u = -31 + 33. Let l(f) = f**u + 0*f**2 - 2*f**2 - 18 - 18*f. Let t be l(-15). Calculate the highest common divisor of t and 216.
27
Suppose 196*c = 59*c + 27126. What is the greatest common divisor of 18 and c?
18
Let f be ((-1652)/(-295))/((-56)/30 + 2). What is the highest common divisor of 5166 and f?
42
Let g be ((-234)/4)/((-252)/8232). What is the greatest common factor of 21 and g?
21
Let y(b) = 40*b**2 - 153*b - 45. Let d be y(15). Calculate the greatest common factor of d and 900.
180
Let y(v) = 2*v**2 - 72*v - 429. Let a be y(45). Calculate the highest common divisor of a and 2413.
127
Suppose 2*h = -2, 0 = -5*s - 4*h + 90 + 71. Let j(r) = r**3 - 3*r**2 + 3*r + 2. Let y be j(3). Calculate the greatest common factor of y and s.
11
Suppose 95*q = 32*q + 13860. What is the highest common divisor of q and 121?
11
Suppose 68*m - 70*m = -2*b - 3624, -9036 = -5*m - b. Calculate the highest common divisor of 16 and m.
16
Suppose -18 = -8*a - p, -35 = -2*a + 5*p + 1. Let q = -26 - 1. Let s be -4*q*(-1)/(-4). What is the highest common factor of s and a?
3
Let i(a) = -a**2 - 169*a + 2526. Let s be i(13). Calculate the highest common factor of s and 135.
5
Suppose 7*a = -3*l + 3878, -l - 41*a + 40*a + 1294 = 0. Calculate the greatest common factor of l and 455.
35
Suppose 73*d - 336 = 25*d. Let c be ((-27)/18)/((-3)/(-4)). Let q(i) = 15*i**2 + i - 2. Let y be q(c). Calculate the greatest common divisor of d and y.
7
Let v = 1551 - 725. Suppose -4*m = -2*c + 1628, c + 2*m - 7*m - v = 0. Calculate the highest common factor of c and 31.
31
Suppose -5 - 55 = -3*i. Suppose 4*f = -3*p + 304, -5*p + 6*p + 3*f = 98. Let m = -24 + p. Calculate the greatest common divisor of m and i.
20
Let d = 13387 - 11697. What is the highest common divisor of d and 455?
65
Let j = -18441 + 18453. What is the highest common divisor of j and 42516?
12
Suppose -l + a = -3110, -6230 = 1017*l - 1019*l + 4*a. What is the greatest common divisor of l and 30?
15
Let f = -190 - -267. Let b = 15988 - 15974. Calculate the greatest common divisor of b and f.
7
Suppose 3*g - 9 = 42. Let q be (-2)/7 + 945/735. Calculate the greatest common divisor of q and g.
1
Let b(u) = -3*u - 30. Let j be b(-12). Let r(z) = z**2 + 6*z - 4. Let f be r(-5). Let w be -2*f/8*4. What is the highest common divisor of j and w?
3
Let a(z) = -7 + 17*z**3 - 19*z**3 + 9*z + 3*z**2 + z**3. Let c be a(3). Calculate the greatest common divisor of 180 and c.
20
Suppose -16*y + 2736 + 3344 = 0. What is the greatest common divisor of y and 7505?
95
Suppose 0 = -3*b + 308 + 40. Let o(n) = n**3 - 40*n**2 + 21*n + 706. Let j be o(39). Calculate the greatest common divisor of b and j.
4
Let c be (-4)/10 + 306/(-85). Let y(r) = r**3 + 6*r**2 + 22*r + 60. Let v be y(c). What is the greatest common factor of 292 and v?
4
Let u(t) = 8*t**2 - 25*t - 95. Let m be u(-5). Suppose 73*v = 68*